 number?
True
Is 436042 composite?
True
Is 1657 prime?
True
Is 1088917 a composite number?
False
Is 34351 a prime number?
True
Is 237733 composite?
False
Is 33409 a composite number?
False
Is 41809 a composite number?
False
Is 3263 composite?
True
Is 550983 composite?
True
Is 19661 composite?
False
Is 144539 composite?
False
Is 353723 a prime number?
False
Is 921 a prime number?
False
Is 2571 composite?
True
Is 52742 a prime number?
False
Is 44359 composite?
True
Is 15073 prime?
True
Is 475327 composite?
False
Is 191413 composite?
False
Is 5147 composite?
False
Is 25997 a prime number?
True
Is 13093 composite?
False
Is 657703 a prime number?
True
Is 207763 composite?
False
Is 9411 composite?
True
Is 1186517 a prime number?
True
Is 10007 prime?
True
Is 210071 a prime number?
True
Is 170473 a prime number?
True
Is 1033321 composite?
True
Is 853241 a composite number?
False
Is 341557 a prime number?
True
Is 74797 prime?
True
Is 228383 prime?
True
Is 9977 composite?
True
Is 34283 a composite number?
False
Is 1172602 composite?
True
Is 96895 composite?
True
Is 1250831 prime?
True
Is 9403 a prime number?
True
Is 190067 prime?
False
Is 329151 composite?
True
Is 165805 a prime number?
False
Is 897071 prime?
False
Is 6841 a prime number?
True
Is 85781 composite?
False
Is 42899 prime?
True
Is 2161 a composite number?
False
Is 17551 composite?
False
Is 20257 prime?
False
Is 15107 a prime number?
True
Is 29831 prime?
False
Is 78805 a composite number?
True
Is 7897 prime?
False
Is 187439 a composite number?
True
Is 33457 a prime number?
True
Is 180209 a composite number?
True
Is 86951 a composite number?
False
Is 107827 a composite number?
False
Is 364739 a composite number?
False
Is 82757 prime?
True
Is 9527 a prime number?
False
Is 381721 a composite number?
True
Is 334319 prime?
True
Is 161849 composite?
True
Is 7103 a prime number?
True
Is 73339 prime?
False
Is 76378 composite?
True
Is 56879 a prime number?
False
Is 348743 a composite number?
True
Is 211039 composite?
False
Is 40907 a prime number?
False
Is 15259 prime?
True
Is 33739 composite?
False
Is 6079 prime?
True
Is 18169 composite?
False
Is 76417 prime?
False
Is 81239 a prime number?
True
Is 88969 a prime number?
True
Is 3799 prime?
False
Is 2053 a prime number?
True
Is 2429 a composite number?
True
Is 175719 a prime number?
False
Is 601321 composite?
True
Is 684683 prime?
True
Is 96959 composite?
False
Is 3593 a prime number?
True
Is 23 prime?
True
Is 2293 prime?
True
Is 1471 composite?
False
Is 2129 a prime number?
True
Is 3907 composite?
False
Is 12203 a composite number?
False
Is 63901 composite?
False
Is 46219 composite?
False
Is 19841 a prime number?
True
Is 31451 prime?
False
Is 491 prime?
True
Is 267959 a composite number?
False
Is 117163 a prime number?
True
Is 659363 composite?
True
Is 485 a composite number?
True
Is 39381 a prime number?
False
Is 534757 a composite number?
True
Is 628261 a prime number?
True
Is 315223 composite?
False
Is 51817 prime?
True
Is 44729 a prime number?
True
Is 291487 a prime number?
False
Is 1361 a prime number?
True
Is 2021 composite?
True
Is 7001 composite?
False
Is 7531 composite?
True
Is 2335123 a prime number?
False
Is 577783 composite?
True
Is 9893 composite?
True
Is 6959 a composite number?
False
Is 3016045 a prime number?
False
Is 82349 a prime number?
True
Is 4061 composite?
True
Is 153451 a composite number?
True
Is 261787 a composite number?
False
Is 27771 a composite number?
True
Is 377197 a composite number?
False
Is 18053 a composite number?
True
Is 9167 a prime number?
False
Is 28879 composite?
False
Is 500519 composite?
False
Is 27593 a composite number?
True
Is 2437 prime?
True
Is 283487 composite?
False
Is 2005327 a composite number?
True
Is 70769 a composite number?
False
Is 2007389 a composite number?
False
Is 31587 composite?
True
Is 18013 prime?
True
Is 11301 a composite number?
True
Is 3239 composite?
True
Is 10799 a composite number?
False
Is 7269 composite?
True
Is 1397 composite?
True
Is 5749 prime?
True
Is 83067 a prime number?
False
Is 154915 prime?
False
Is 112403 composite?
False
Is 7349 composite?
False
Is 1061 a composite number?
False
Is 92357 prime?
True
Is 391663 composite?
True
Is 28421 a prime number?
False
Is 248371 composite?
False
Is 47911 a prime number?
True
Is 20653 composite?
True
Is 26153 a prime number?
True
Is 32477 composite?
True
Is 6469 a composite number?
False
Is 30983 prime?
True
Is 20477 prime?
True
Is 47221 a prime number?
True
Is 406807 a prime number?
True
Is 37691 prime?
True
Is 26479 a prime number?
True
Is 8285 prime?
False
Is 7387 composite?
True
Is 142309 a composite number?
True
Is 113137 a prime number?
False
Is 33743 prime?
False
Is 7067 a composite number?
True
Is 26597 a composite number?
False
Is 921 composite?
True
Is 6271 a composite number?
False
Is 1167 a composite number?
True
Is 935543 prime?
False
Is 33737 composite?
True
Is 13582 prime?
False
Is 841369 prime?
True
Is 32467 a composite number?
False
Is 1829 composite?
True
Is 68911 prime?
False
Is 55235 a prime number?
False
Is 26449 a composite number?
False
Is 6469 composite?
False
Is 13577 a composite number?
False
Is 39937 a composite number?
False
Is 546521 a prime number?
False
Is 10847 a prime number?
True
Is 116639 a composite number?
False
Is 65737 a composite number?
True
Is 2337355 a prime number?
False
Is 7789 a prime number?
True
Is 296063 a composite number?
True
Is 688306 a prime number?
False
Is 775151 a prime number?
False
Is 13099 a prime number?
True
Is 3491 prime?
True
Is 26479 prime?
True
Is 3809 composite?
True
Is 63889 a prime number?
False
Is 12821 a prime number?
True
Is 1743695 a prime number?
False
Is 282259 a prime number?
False
Is 119213 a composite number?
True
Is 240539 prime?
False
Is 348487 composite?
False
Is 32083 prime?
True
Is 3005229 composite?
True
Is 385799 a prime number?
False
Is 15339 prime?
False
Is 2427 composite?
True
Is 3809 prime?
False
Is 225829 a composite number?
False
Is 2453 composite?
True
Is 32169 a prime number?
False
Is 30553 composite?
False
Is 566103 prime?
False
Is 5539 composite?
True
Is 213251 a composite number?
True
Is 211 a composite number?
False
Is 1126189 prime?
True
Is 753245 composite?
True
Is 18959 a composite number?
False
Is 4369 composite?
True
Is 32497 composite?
False
Is 1163 a composite number?
False
Is 77893 a prime number?
True
Is 164479 a prime number?
False
Is 1441941 composite?
True
Is 37403 a composite number?
True
Is 6677 prime?
False
Is 1151 composite?
False
Is 20593 composite?
False
Is 644401 composite?
False
Is 20611 prime?
True
Is 823085 a composite number?
True
Is 72587 prime?
False
Is 50187 a composite number?
True
Is 73621 prime?
False
Is 1709 prime?
True
Is 33247 prime?
True
Is 126527 composite?
True
Is 59861 a composite number?
True
Is 17077 prime?
True
Is 100907 a prime number?
True
Is 53645 composite?
True
Is 1537 a composite number?
True
Is 122581 a composite number?
True
Is 15259 a prime number?
True
Is 31579 a composite number?
True
Is 43959 a prime number?
False
Is 1111 composite?
True
Is 3761 a prime number?
True
Is 41329 composite?
True
Is 547489 composite?
True
Is 112865 a composite number?
True
Is 561521 a composite number?
False
Is 716293 a composite number?
True
Is 2119 a prime number?
False
Is 36149 a prime number?
False
Is 13963 prime?
True
Is 647 prime?
True
Is 938969 a composite number?
False
Is 11081 a prime number?
False
Is 24142 a composite number?
True
Is 228707 prime?
True
Is 17063 prime?
False
Is 55949 prime?
True
Is 851 a composite number?
True
Is 21709 a composite number?
True
Is 1591 a composite number?
True
Is 4265881 prime?
True
Is 177967 prime?
True
Is 556889 a composite number?
True
Is 5779 a composite number?
False
Is 21121 a prime number?
True
Is 676187 composite?
True
Is 5905 a composite number?
True
Is 263311 composite?
True
Is 13798 a composite number?
True
Is 1689 a prime number?
False
Is 34733 a prime number?
False
Is 4201 prime?
True
Is 1764707 prime?
False
Is 3300089 a prime number?
False
Is 26905 composite?
True
Is 101933 composite?
True
Is 153871 composite?
False
Is 37907 a prime number?
True
Is 20389 prime?
True
Is 1319 a composite number?
False
Is 40087 a prime number?
True
Is 9091 a composite n